{"id":12,"date":"2020-07-29T18:10:03","date_gmt":"2020-07-29T18:10:03","guid":{"rendered":"https:\/\/fiori.niraikanai.xyz\/?page_id=12"},"modified":"2024-03-15T10:41:28","modified_gmt":"2024-03-15T14:41:28","slug":"nuestra-historia","status":"publish","type":"page","link":"https:\/\/fiorieventos.com\/index.php\/nuestra-historia\/","title":{"rendered":"NUESTRA HISTORIA"},"content":{"rendered":"<div>\n<p>    <img decoding=\"async\" src=\"\/wp-content\/uploads\/2020\/09\/Collage_NUetsra-historia_V4.png\" alt=\"\"><\/p>\n<\/div>\n<h1>NUESTRA HISTORIA<\/h1>\n<div>\n<p>Fiori o flores en italiano, fue el sue\u00f1o que tuvimos en el 2004 de crear un concepto distinto de arreglos florales creativos y personalizados, para ir m\u00e1s all\u00e1 de las expectativas del mercado. Esa ilusi\u00f3n se hizo realidad, y en poco tiempo ampliamos los servicios para cubrir las necesidades de nuestros clientes, con el servicio de ambientaci\u00f3n, decoraci\u00f3n y dise\u00f1o de eventos sociales y corporativos.<\/p>\n<p>Siendo una empresa que siempre ha estado vinculada con el arte, Norma Ord\u00f3\u00f1ez y su hija Estefan\u00eda Cevallos Ord\u00f3\u00f1ez empezaron este incre\u00edble proyecto. Actualmente contamos con m\u00e1s de 17 a\u00f1os de trayectoria, oficinas en Quito y Miami, adem\u00e1s de un taller de dise\u00f1o en Cumbay\u00e1. Somos reconocidos por ser una empresa creativa, cumpliday vers\u00e1til con precios.<\/p>\n<p>Cliente Satisfecho: Pensar siempre desde el punto de vista del cliente.<\/p>\n<p>Medioambiente: Contribuir con el uso de materiales amigables con el ecosistema.<\/p>\n<p>Clima Laboral: No somos un grupo de trabajo, sino una familia.<\/p>\n<\/div>\n<p>\n    <a href=\"\/index.php\/contactanos\/\">CONT\u00c1CTANOS<\/a>\n<\/p>\n<ul>\n<li>\n<p>        <img decoding=\"async\" src=\"\/wp-content\/uploads\/2020\/08\/instagram.png\" alt=\"\"><\/p>\n<p><a href=\"https:\/\/www.instagram.com\/fiori_eventos\/\">Read more<\/a><\/p>\n<\/li>\n<li>\n<p>        <img decoding=\"async\" src=\"\/wp-content\/uploads\/2020\/08\/facebook.png\" alt=\"\"><\/p>\n<p><a href=\"https:\/\/www.facebook.com\/fioriarteyeventos\">Read more<\/a><\/p>\n<\/li>\n<\/ul>\n<p><!--more--><br \/>\n<!-- {\"type\":\"layout\",\"children\":[{\"type\":\"section\",\"props\":{\"image_position\":\"center-center\",\"padding\":\"none\",\"padding_remove_bottom\":true,\"padding_remove_horizontal\":false,\"padding_remove_top\":true,\"style\":\"default\",\"title_breakpoint\":\"xl\",\"title_position\":\"top-left\",\"title_rotation\":\"left\",\"vertical_align\":\"middle\",\"width\":\"default\"},\"children\":[{\"type\":\"row\",\"children\":[{\"type\":\"column\",\"props\":{\"image_position\":\"center-center\",\"position_sticky_breakpoint\":\"m\"},\"children\":[{\"type\":\"slideshow\",\"props\":{\"link_style\":\"default\",\"link_text\":\"Read more\",\"margin\":\"default\",\"meta_align\":\"below-title\",\"meta_element\":\"div\",\"meta_style\":\"text-meta\",\"nav\":\"dotnav\",\"nav_align\":\"center\",\"nav_breakpoint\":\"s\",\"nav_position\":\"bottom-center\",\"nav_position_margin\":\"medium\",\"overlay_animation\":\"parallax\",\"overlay_position\":\"center-left\",\"show_content\":true,\"show_link\":true,\"show_meta\":true,\"show_thumbnail\":true,\"show_title\":true,\"slidenav\":\"default\",\"slidenav_breakpoint\":\"s\",\"slidenav_margin\":\"medium\",\"slidenav_outside_breakpoint\":\"xl\",\"slideshow_autoplay_pause\":true,\"slideshow_min_height\":300,\"thumbnav_height\":\"75\",\"thumbnav_svg_color\":\"emphasis\",\"thumbnav_width\":\"100\",\"title_element\":\"h3\"},\"children\":[{\"type\":\"slideshow_item\",\"props\":{\"image\":\"wp-content\\\/uploads\\\/2020\\\/09\\\/Collage_NUetsra-historia_V4.png\"}}]}]}]}]},{\"type\":\"section\",\"props\":{\"image_position\":\"center-center\",\"style\":\"default\",\"title_breakpoint\":\"xl\",\"title_position\":\"top-left\",\"title_rotation\":\"left\",\"vertical_align\":\"middle\",\"width\":\"default\"},\"children\":[{\"type\":\"row\",\"children\":[{\"type\":\"column\",\"props\":{\"image_position\":\"center-center\",\"position_sticky_breakpoint\":\"m\"},\"children\":[{\"type\":\"headline\",\"props\":{\"content\":\"NUESTRA HISTORIA\",\"title_element\":\"h1\"}},{\"type\":\"text\",\"props\":{\"column_breakpoint\":\"m\",\"content\":\"\n\n<p>Fiori o flores en italiano, fue el sue\\u00f1o que tuvimos en el 2004 de crear un concepto distinto de arreglos florales creativos y personalizados, para ir m\\u00e1s all\\u00e1 de las expectativas del mercado. Esa ilusi\\u00f3n se hizo realidad, y en poco tiempo ampliamos los servicios para cubrir las necesidades de nuestros clientes, con el servicio de ambientaci\\u00f3n, decoraci\\u00f3n y dise\\u00f1o de eventos sociales y corporativos.<\\\/p>\\n\n\n<p>Siendo una empresa que siempre ha estado vinculada con el arte, Norma Ord\\u00f3\\u00f1ez y su hija Estefan\\u00eda Cevallos Ord\\u00f3\\u00f1ez empezaron este incre\\u00edble proyecto. Actualmente contamos con m\\u00e1s de 17 a\\u00f1os de trayectoria, oficinas en Quito y Miami, adem\\u00e1s de un taller de dise\\u00f1o en Cumbay\\u00e1. Somos reconocidos por ser una empresa creativa, cumpliday vers\\u00e1til con precios.<\\\/p>\\n\n\n<p>Cliente Satisfecho: Pensar siempre desde el punto de vista del cliente.<\\\/p>\\n\n\n<p>Medioambiente: Contribuir con el uso de materiales amigables con el ecosistema.<\\\/p>\\n\n\n<p>Clima Laboral: No somos un grupo de trabajo, sino una familia.<\\\/p>\",\"margin\":\"default\"}}]}],\"props\":{\"margin_remove_bottom\":true}}]},{\"type\":\"section\",\"props\":{\"image_position\":\"center-center\",\"style\":\"default\",\"title_breakpoint\":\"xl\",\"title_position\":\"top-left\",\"title_rotation\":\"left\",\"vertical_align\":\"middle\",\"width\":\"default\"},\"children\":[{\"type\":\"row\",\"props\":{\"layout\":\"1-4,1-2,1-4\"},\"children\":[{\"type\":\"column\",\"props\":{\"image_position\":\"center-center\",\"position_sticky_breakpoint\":\"m\",\"width_medium\":\"1-4\"},\"children\":[{\"type\":\"button\",\"props\":{\"grid_column_gap\":\"small\",\"grid_row_gap\":\"small\",\"margin\":\"default\"},\"children\":[{\"type\":\"button_item\",\"props\":{\"button_style\":\"default\",\"content\":\"CONT\\u00c1CTANOS\",\"icon_align\":\"left\",\"link\":\"index.php\\\/contactanos\\\/\"}}]}]},{\"type\":\"column\",\"props\":{\"image_position\":\"center-center\",\"position_sticky_breakpoint\":\"m\",\"width_medium\":\"1-2\"}},{\"type\":\"column\",\"props\":{\"image_position\":\"center-center\",\"position_sticky_breakpoint\":\"m\",\"width_medium\":\"1-4\"},\"children\":[{\"type\":\"gallery\",\"props\":{\"block_align\":\"center\",\"filter_align\":\"left\",\"filter_all\":true,\"filter_grid_breakpoint\":\"m\",\"filter_grid_width\":\"auto\",\"filter_position\":\"top\",\"filter_style\":\"tab\",\"grid_column_gap\":\"small\",\"grid_default\":\"auto\",\"grid_medium\":\"\",\"grid_row_gap\":\"small\",\"item_animation\":true,\"link_style\":\"default\",\"link_target\":false,\"link_text\":\"Read more\",\"margin\":\"default\",\"maxwidth\":\"medium\",\"meta_align\":\"below-title\",\"meta_element\":\"div\",\"meta_style\":\"text-meta\",\"overlay_hover\":true,\"overlay_link\":true,\"overlay_mode\":\"cover\",\"overlay_position\":\"center\",\"overlay_style\":\"\",\"overlay_transition\":\"scale-up\",\"parallax_easing\":\"1\",\"show_content\":true,\"show_hover_image\":true,\"show_link\":true,\"show_meta\":true,\"show_title\":true,\"text_align\":\"center\",\"text_color\":\"light\",\"title_element\":\"h3\",\"title_hover_style\":\"reset\"},\"children\":[{\"type\":\"gallery_item\",\"props\":{\"image\":\"wp-content\\\/uploads\\\/2020\\\/08\\\/instagram.png\",\"link\":\"https:\\\/\\\/www.instagram.com\\\/fiori_eventos\\\/\"}},{\"type\":\"gallery_item\",\"props\":{\"image\":\"wp-content\\\/uploads\\\/2020\\\/08\\\/facebook.png\",\"link\":\"https:\\\/\\\/www.facebook.com\\\/fioriarteyeventos\"}}],\"name\":\"redes sociales\"}]}]}]}],\"version\":\"4.2.11\"} --><\/p>\n","protected":false},"excerpt":{"rendered":"<p>NUESTRA HISTORIA Fiori o flores en italiano, fue el sue\u00f1o que tuvimos en el 2004 de crear un concepto distinto de arreglos florales creativos y personalizados, para ir m\u00e1s all\u00e1 de las expectativas del mercado. Esa ilusi\u00f3n se hizo realidad, y en poco tiempo ampliamos los servicios para cubrir las necesidades de nuestros clientes, con [&hellip;]<\/p>\n","protected":false},"author":1,"featured_media":0,"parent":0,"menu_order":0,"comment_status":"closed","ping_status":"closed","template":"","meta":{"footnotes":""},"class_list":["post-12","page","type-page","status-publish","hentry"],"_links":{"self":[{"href":"https:\/\/fiorieventos.com\/index.php\/wp-json\/wp\/v2\/pages\/12","targetHints":{"allow":["GET"]}}],"collection":[{"href":"https:\/\/fiorieventos.com\/index.php\/wp-json\/wp\/v2\/pages"}],"about":[{"href":"https:\/\/fiorieventos.com\/index.php\/wp-json\/wp\/v2\/types\/page"}],"author":[{"embeddable":true,"href":"https:\/\/fiorieventos.com\/index.php\/wp-json\/wp\/v2\/users\/1"}],"replies":[{"embeddable":true,"href":"https:\/\/fiorieventos.com\/index.php\/wp-json\/wp\/v2\/comments?post=12"}],"version-history":[{"count":53,"href":"https:\/\/fiorieventos.com\/index.php\/wp-json\/wp\/v2\/pages\/12\/revisions"}],"predecessor-version":[{"id":1281,"href":"https:\/\/fiorieventos.com\/index.php\/wp-json\/wp\/v2\/pages\/12\/revisions\/1281"}],"wp:attachment":[{"href":"https:\/\/fiorieventos.com\/index.php\/wp-json\/wp\/v2\/media?parent=12"}],"curies":[{"name":"wp","href":"https:\/\/api.w.org\/{rel}","templated":true}]}}